{"id":3029,"date":"2026-03-13T22:07:11","date_gmt":"2026-03-13T21:07:11","guid":{"rendered":"https:\/\/bodyflexfitness.cz\/pardubice\/?page_id=3029"},"modified":"2026-03-15T20:06:37","modified_gmt":"2026-03-15T19:06:37","slug":"vit-cerny","status":"publish","type":"page","link":"https:\/\/bodyflexfitness.cz\/pardubice\/treneri\/vit-cerny\/","title":{"rendered":"V\u00edt \u010cern\u00fd"},"content":{"rendered":"<p>[et_pb_section fb_built=&#8220;1&#8243; background_color=&#8220;rgba(0,0,0,0.7)&#8220; _builder_version=&#8220;3.0.91&#8243; background_image=&#8220;http:\/\/bodyflexfitness.cz\/pardubice\/wp-content\/uploads\/sites\/5\/2018\/01\/main-page.jpg&#8220; background_blend=&#8220;overlay&#8220;][et_pb_row make_fullwidth=&#8220;on&#8220; disabled_on=&#8220;off|off|off&#8220; _builder_version=&#8220;3.0.91&#8243; background_size=&#8220;initial&#8220; background_position=&#8220;top_left&#8220; background_repeat=&#8220;repeat&#8220;][et_pb_column type=&#8220;4_4&#8243; _builder_version=&#8220;3.0.47&#8243; parallax=&#8220;off&#8220; parallax_method=&#8220;on&#8220;][et_pb_text background_layout=&#8220;dark&#8220; _builder_version=&#8220;3.0.91&#8243; text_font=&#8220;|||on|||||&#8220; header_font=&#8220;||||||||&#8220; header_font_size=&#8220;42px&#8220; header_font_size_phone=&#8220;24px&#8220; header_font_size_last_edited=&#8220;on|phone&#8220; text_orientation=&#8220;center&#8220; custom_css_main_element=&#8220;white-space: nowrap;||font-size: clamp(30px, 4.5vw, 64px);||&#8220;]<\/p>\n<h1>V\u00edt<strong><span style=\"color: #8b0d09;\"> <span class=\"title\" id=\"render_title_container\"><span id=\"snippet_title\"> \u010cern\u00fd<\/span><\/span><\/span><\/strong><\/h1>\n<p>[\/et_pb_text][et_pb_text background_layout=&#8220;dark&#8220; _builder_version=&#8220;3.0.91&#8243; text_font=&#8220;||||||||&#8220; text_font_size=&#8220;16px&#8220; text_orientation=&#8220;center&#8220;]<\/p>\n<p>Jsem osobn\u00ed tren\u00e9r se specializac\u00ed na silov\u00fd a kondi\u010dn\u00ed tr\u00e9nink, diagnostiku pohybov\u00e9ho apar\u00e1tu a pr\u00e1ci s nervov\u00fdm syst\u00e9mem.<\/p>\n<p>[\/et_pb_text][\/et_pb_column][\/et_pb_row][\/et_pb_section][et_pb_section fb_built=&#8220;1&#8243; background_color=&#8220;#8b0d09&#8243; _builder_version=&#8220;3.0.89&#8243; custom_padding=&#8220;0px|0px|0px|0px&#8220;][et_pb_row make_fullwidth=&#8220;on&#8220; _builder_version=&#8220;3.0.91&#8243;][et_pb_column type=&#8220;1_3&#8243; _builder_version=&#8220;3.0.47&#8243; parallax=&#8220;off&#8220; parallax_method=&#8220;on&#8220;][et_pb_blurb title=&#8220;+420 736 142 958&#8243; url=&#8220;tel:+420736142958&#8243; use_icon=&#8220;on&#8220; font_icon=&#8220;%%264%%&#8220; icon_color=&#8220;#ffffff&#8220; icon_placement=&#8220;left&#8220; background_layout=&#8220;dark&#8220; use_icon_font_size=&#8220;on&#8220; icon_font_size=&#8220;24px&#8220; _builder_version=&#8220;3.0.91&#8243;][\/et_pb_blurb][\/et_pb_column][et_pb_column type=&#8220;1_3&#8243; _builder_version=&#8220;3.0.47&#8243; parallax=&#8220;off&#8220; parallax_method=&#8220;on&#8220;][et_pb_blurb title=&#8220;vit.cerny.trainer&#8220; url=&#8220;https:\/\/www.instagram.com\/vit.cerny.trainer\/&#8220; url_new_window=&#8220;on&#8220; use_icon=&#8220;on&#8220; font_icon=&#8220;%%298%%&#8220; icon_color=&#8220;#ffffff&#8220; icon_placement=&#8220;left&#8220; background_layout=&#8220;dark&#8220; use_icon_font_size=&#8220;on&#8220; icon_font_size=&#8220;24px&#8220; _builder_version=&#8220;3.0.91&#8243; locked=&#8220;off&#8220;][\/et_pb_blurb][\/et_pb_column][et_pb_column type=&#8220;1_3&#8243; _builder_version=&#8220;3.0.47&#8243; parallax=&#8220;off&#8220; parallax_method=&#8220;on&#8220;][et_pb_blurb title=&#8220;cernyvi1@seznam.cz&#8220; url=&#8220;mailto:cernyvi1@seznam.cz&#8220; url_new_window=&#8220;on&#8220; use_icon=&#8220;on&#8220; font_icon=&#8220;%%109%%&#8220; icon_color=&#8220;#ffffff&#8220; icon_placement=&#8220;left&#8220; background_layout=&#8220;dark&#8220; use_icon_font_size=&#8220;on&#8220; icon_font_size=&#8220;24px&#8220; _builder_version=&#8220;3.0.91&#8243; locked=&#8220;off&#8220;][\/et_pb_blurb][\/et_pb_column][\/et_pb_row][\/et_pb_section][et_pb_section fb_built=&#8220;1&#8243; background_color=&#8220;#292a2e&#8220; _builder_version=&#8220;3.0.91&#8243;][et_pb_row _builder_version=&#8220;3.0.47&#8243; background_size=&#8220;initial&#8220; background_position=&#8220;top_left&#8220; background_repeat=&#8220;repeat&#8220;][et_pb_column type=&#8220;1_4&#8243; _builder_version=&#8220;3.0.47&#8243; parallax=&#8220;off&#8220; parallax_method=&#8220;on&#8220;][et_pb_image src=&#8220;http:\/\/bodyflexfitness.cz\/pardubice\/wp-content\/uploads\/sites\/5\/2026\/03\/trener_cerny_PNG.png&#8220; _builder_version=&#8220;3.0.91&#8243;][\/et_pb_image][\/et_pb_column][et_pb_column type=&#8220;3_4&#8243; _builder_version=&#8220;3.0.47&#8243; parallax=&#8220;off&#8220; parallax_method=&#8220;on&#8220;][et_pb_text background_layout=&#8220;dark&#8220; _builder_version=&#8220;3.0.91&#8243; text_font=&#8220;||||||||&#8220;]<\/p>\n<p>Pom\u00e1h\u00e1m lidem vr\u00e1tit t\u011blu funkci, s\u00edlu a dlouhodobou odolnost \u2013 i po letech bez pohybu.<br \/> Bolesti kloub\u016f a zad nejsou ot\u00e1zkou v\u011bku.\u2028Jsou d\u016fsledkem chyb\u011bj\u00edc\u00edho syst\u00e9mu.<\/p>\n<p>Budujeme stabilitu, mobilitu a s\u00edlu tak, aby t\u011blo fungovalo nejen dnes, ale i za deset let.<br \/> Pracuji s mu\u017ei i \u017eenami, kte\u0159\u00ed cht\u011bj\u00ed:\u2028\u2013 odstranit bolesti zp\u016fsoben\u00e9 sedav\u00fdm stylem \u017eivota\u2028\u2013 znovu z\u00edskat s\u00edlu a energii\u2028\u2013 tr\u00e9novat efektivn\u011b a bez chaosu\u2028\u2013 m\u00edt pl\u00e1n odpov\u00eddaj\u00edc\u00ed jejich aktu\u00e1ln\u00edmu stavu<\/p>\n<p>Ka\u017ed\u00fd program je individu\u00e1ln\u00ed.<\/p>\n<p>Respektuji biomechaniku, regeneraci i kapacitu nervov\u00e9ho syst\u00e9mu.<br \/> Spolupracuji formou individu\u00e1ln\u00edch tr\u00e9nink\u016f, tr\u00e9nink\u016f ve dvojici, hybridn\u011b i online.<br \/> Pokud chce\u0161 b\u00fdt siln\u011bj\u0161\u00ed sportovec, odoln\u011bj\u0161\u00ed t\u00e1ta nebo m\u00e1ma \u2013 ne unaven\u00e1 verze sebe sama \u2013 za\u010dni systematicky.<br \/> Za\u010dni spr\u00e1vn\u011b.<\/p>\n<p><span style=\"text-decoration: underline;\"><strong>Certifikace a odborn\u00e9 vzd\u011bl\u00e1n\u00ed:<\/strong><\/span><\/p>\n<div>\n<ul>\n<li>STACA, \u010cesk\u00e9 Bud\u011bjovice &#8211; biomechanika pohybu, neuro-tr\u00e9nink, pr\u00e1ce s d\u00fdch\u00e1n\u00edm, pr\u00e1ce s Sympaticus a Parasympaticus &#8211; regulace a adaptace tr\u00e9ninku podle toho, v \u010dem se klient nach\u00e1z\u00ed<\/li>\n<\/ul>\n<\/div>\n<div>\n<ul>\n<li>Propojen\u00ed v\u00fdkonu, prevence a rehabilitace &#8211; fyziologie zran\u011bn\u00ed, efektivn\u00ed spolupr\u00e1ce fyzio \/ tren\u00e9r<\/li>\n<\/ul>\n<\/div>\n<div>\n<ul>\n<li>Svalov\u00e9 kontrakce, Radek Rosa &#8211; anal\u00fdza pohybu (sportovce), obrann\u00e9 mechanismy svalov\u00e9 tk\u00e1n\u011b proti po\u0161kozen\u00ed<\/li>\n<\/ul>\n<\/div>\n<div>\n<ul>\n<li>Prisma Institut &#8211; mobilita a stabilita kloubn\u00edho apar\u00e1tu, program design tr\u00e9ninku: tzn. specializace na tr\u00e9ninkov\u00e9 programy<\/li>\n<li>IQ Pohyb Akademie &#8211; diagnostika dr\u017een\u00ed t\u011bla<\/li>\n<li>3D Fitness Academy &#8211; v\u00fdvojov\u00e1 kineziologie<\/li>\n<li>Institut modern\u00ed v\u00fd\u017eivy &#8211; IMV Praha<\/li>\n<li>Mas\u00e9r &#8211; sportovn\u00ed a rekondi\u010dn\u00ed mas\u00e1\u017ee<\/li>\n<\/ul>\n<\/div>\n<p><i>Domluv si se mnou sch\u016fzku<\/i> a nastav\u00edme konkr\u00e9tn\u00ed pl\u00e1n podle tv\u00e9ho aktu\u00e1ln\u00edho stavu a c\u00edle.<\/p>\n<p>[\/et_pb_text][\/et_pb_column][\/et_pb_row][\/et_pb_section][et_pb_section fb_built=&#8220;1&#8243; _builder_version=&#8220;3.0.91&#8243;][et_pb_row use_custom_gutter=&#8220;on&#8220; gutter_width=&#8220;1&#8243; module_class_1=&#8220;col2&#8243; module_class_2=&#8220;col2&#8243; module_class_3=&#8220;col2&#8243; module_class_4=&#8220;col2&#8243; _builder_version=&#8220;3.0.91&#8243; global_module=&#8220;3021&#8243; saved_tabs=&#8220;all&#8220;][et_pb_column type=&#8220;1_4&#8243; _builder_version=&#8220;3.0.47&#8243; parallax=&#8220;off&#8220; parallax_method=&#8220;on&#8220; module_class=&#8220;col2&#8243;][et_pb_image src=&#8220;http:\/\/bodyflexfitness.cz\/pardubice\/wp-content\/uploads\/sites\/5\/2026\/01\/trener_PCE_kafkova.jpg&#8220; url=&#8220;http:\/\/bodyflexfitness.cz\/pardubice\/treneri\/anna-kafkova-dis\/&#8220; use_overlay=&#8220;on&#8220; overlay_icon_color=&#8220;#ffffff&#8220; hover_overlay_color=&#8220;rgba(139,13,9,0.5)&#8220; _builder_version=&#8220;3.0.91&#8243; background_color=&#8220;#000000&#8243;][\/et_pb_image][et_pb_text background_layout=&#8220;dark&#8220; module_class=&#8220;text2&#8243; _builder_version=&#8220;3.0.91&#8243; text_font=&#8220;|700||on|||||&#8220; text_font_size=&#8220;16px&#8220; header_font=&#8220;||||||||&#8220; background_color=&#8220;#2A2D31&#8243; text_orientation=&#8220;center&#8220; custom_padding=&#8220;20px||20px|&#8220;]<\/p>\n<p><a title=\"Anna Kafkov\u00e1, dis. osobn\u00ed tren\u00e9r\" href=\"http:\/\/bodyflexfitness.cz\/pardubice\/treneri\/anna-kafkova-dis\/\"><span style=\"color: #ffffff;\">Anna Kafkov\u00e1, dis.<\/span><\/a><\/p>\n<p>[\/et_pb_text][et_pb_image src=&#8220;http:\/\/bodyflexfitness.cz\/pardubice\/wp-content\/uploads\/sites\/5\/2026\/03\/trener_cerny.jpg&#8220; url=&#8220;http:\/\/bodyflexfitness.cz\/pardubice\/treneri\/vit-cerny\/&#8220; use_overlay=&#8220;on&#8220; overlay_icon_color=&#8220;#ffffff&#8220; hover_overlay_color=&#8220;rgba(139,13,9,0.5)&#8220; _builder_version=&#8220;3.0.91&#8243; background_color=&#8220;#000000&#8243;][\/et_pb_image][et_pb_text background_layout=&#8220;dark&#8220; module_class=&#8220;text2&#8243; _builder_version=&#8220;3.0.91&#8243; text_font=&#8220;|700||on|||||&#8220; text_font_size=&#8220;16px&#8220; header_font=&#8220;||||||||&#8220; background_color=&#8220;#2A2D31&#8243; text_orientation=&#8220;center&#8220; custom_padding=&#8220;20px||20px|&#8220;]<\/p>\n<p><a href=\"http:\/\/bodyflexfitness.cz\/pardubice\/treneri\/vit-cerny\/\"><span style=\"color: #ffffff;\">V\u00edt \u010cern\u00fd<\/span><\/a><\/p>\n<p>[\/et_pb_text][\/et_pb_column][et_pb_column type=&#8220;1_4&#8243; _builder_version=&#8220;3.0.47&#8243; parallax=&#8220;off&#8220; parallax_method=&#8220;on&#8220; module_class=&#8220;col2&#8243;][et_pb_image src=&#8220;http:\/\/bodyflexfitness.cz\/pardubice\/wp-content\/uploads\/sites\/5\/2026\/01\/trener_PCE_berouskova_PNG.png&#8220; url=&#8220;http:\/\/bodyflexfitness.cz\/pardubice\/treneri\/lenka-berouskova\/&#8220; use_overlay=&#8220;on&#8220; overlay_icon_color=&#8220;#ffffff&#8220; hover_overlay_color=&#8220;rgba(139,13,9,0.5)&#8220; _builder_version=&#8220;3.0.91&#8243; background_color=&#8220;#000000&#8243;][\/et_pb_image][et_pb_text background_layout=&#8220;dark&#8220; module_class=&#8220;text2&#8243; _builder_version=&#8220;3.0.91&#8243; text_font=&#8220;|700||on|||||&#8220; text_font_size=&#8220;16px&#8220; header_font=&#8220;||||||||&#8220; background_color=&#8220;#2A2D31&#8243; text_orientation=&#8220;center&#8220; custom_padding=&#8220;20px||20px|&#8220;]<\/p>\n<p><span style=\"color: #ffffff;\"><a style=\"color: #ffffff;\" href=\"http:\/\/bodyflexfitness.cz\/pardubice\/treneri\/lenka-berouskova\/\">Lenka Berouskov\u00e1<\/a><\/span><\/p>\n<p>[\/et_pb_text][\/et_pb_column][et_pb_column type=&#8220;1_4&#8243; _builder_version=&#8220;3.0.47&#8243; parallax=&#8220;off&#8220; parallax_method=&#8220;on&#8220; module_class=&#8220;col2&#8243;][et_pb_image src=&#8220;http:\/\/bodyflexfitness.cz\/pardubice\/wp-content\/uploads\/sites\/5\/2026\/01\/trener_PCE_pilarova.jpg&#8220; url=&#8220;http:\/\/bodyflexfitness.cz\/pardubice\/treneri\/nikola-pilarova\/&#8220; use_overlay=&#8220;on&#8220; overlay_icon_color=&#8220;#ffffff&#8220; hover_overlay_color=&#8220;rgba(139,13,9,0.5)&#8220; _builder_version=&#8220;3.0.91&#8243; background_color=&#8220;#000000&#8243;][\/et_pb_image][et_pb_text background_layout=&#8220;dark&#8220; module_class=&#8220;text2&#8243; _builder_version=&#8220;3.0.91&#8243; text_font=&#8220;|700||on|||||&#8220; text_font_size=&#8220;16px&#8220; header_font=&#8220;||||||||&#8220; background_color=&#8220;#2A2D31&#8243; text_orientation=&#8220;center&#8220; custom_padding=&#8220;20px||20px|&#8220;]<\/p>\n<p><a title=\"Nikola Pila\u0159ov\u00e1\" href=\"http:\/\/bodyflexfitness.cz\/pardubice\/treneri\/nikola-pilarova\/\"><span style=\"color: #ffffff;\">Nikola Pila\u0159ov\u00e1<\/span><\/a><\/p>\n<p>[\/et_pb_text][\/et_pb_column][et_pb_column type=&#8220;1_4&#8243; _builder_version=&#8220;3.0.47&#8243; parallax=&#8220;off&#8220; parallax_method=&#8220;on&#8220; module_class=&#8220;col2&#8243;][et_pb_image src=&#8220;http:\/\/bodyflexfitness.cz\/pardubice\/wp-content\/uploads\/sites\/5\/2026\/03\/trener_matucha.jpg&#8220; url=&#8220;http:\/\/bodyflexfitness.cz\/pardubice\/treneri\/matej-matucha\/&#8220; use_overlay=&#8220;on&#8220; overlay_icon_color=&#8220;#ffffff&#8220; hover_overlay_color=&#8220;rgba(139,13,9,0.5)&#8220; _builder_version=&#8220;3.0.91&#8243; background_color=&#8220;#000000&#8243;][\/et_pb_image][et_pb_text background_layout=&#8220;dark&#8220; module_class=&#8220;text2&#8243; _builder_version=&#8220;3.0.91&#8243; text_font=&#8220;|700||on|||||&#8220; text_font_size=&#8220;16px&#8220; header_font=&#8220;||||||||&#8220; background_color=&#8220;#2A2D31&#8243; text_orientation=&#8220;center&#8220; custom_padding=&#8220;20px||20px|&#8220;]<\/p>\n<p><a href=\"http:\/\/bodyflexfitness.cz\/pardubice\/treneri\/matej-matucha\/\"><span style=\"color: #ffffff;\">Mat\u011bj Matucha<\/span><\/a><\/p>\n<p>[\/et_pb_text][\/et_pb_column][\/et_pb_row][\/et_pb_section]<\/p>\n","protected":false},"excerpt":{"rendered":"<p>[et_pb_section fb_built=&#8220;1&#8243; background_color=&#8220;rgba(0,0,0,0.7)&#8220; _builder_version=&#8220;3.0.91&#8243; background_image=&#8220;http:\/\/bodyflexfitness.cz\/pardubice\/wp-content\/uploads\/sites\/5\/2018\/01\/main-page.jpg&#8220; background_blend=&#8220;overlay&#8220;][et_pb_row make_fullwidth=&#8220;on&#8220; disabled_on=&#8220;off|off|off&#8220; _builder_version=&#8220;3.0.91&#8243; background_size=&#8220;initial&#8220; background_position=&#8220;top_left&#8220; background_repeat=&#8220;repeat&#8220;][et_pb_column type=&#8220;4_4&#8243; _builder_version=&#8220;3.0.47&#8243; parallax=&#8220;off&#8220; parallax_method=&#8220;on&#8220;][et_pb_text background_layout=&#8220;dark&#8220; _builder_version=&#8220;3.0.91&#8243; text_font=&#8220;|||on|||||&#8220; header_font=&#8220;||||||||&#8220; header_font_size=&#8220;42px&#8220; header_font_size_phone=&#8220;24px&#8220; header_font_size_last_edited=&#8220;on|phone&#8220; text_orientation=&#8220;center&#8220; custom_css_main_element=&#8220;white-space: nowrap;||font-size: clamp(30px, 4.5vw, 64px);||&#8220;] V\u00edt \u010cern\u00fd [\/et_pb_text][et_pb_text background_layout=&#8220;dark&#8220; _builder_version=&#8220;3.0.91&#8243; text_font=&#8220;||||||||&#8220; text_font_size=&#8220;16px&#8220; text_orientation=&#8220;center&#8220;] Jsem osobn\u00ed tren\u00e9r se specializac\u00ed na silov\u00fd a kondi\u010dn\u00ed tr\u00e9nink, diagnostiku pohybov\u00e9ho apar\u00e1tu a pr\u00e1ci s nervov\u00fdm syst\u00e9mem. [&hellip;]<\/p>\n","protected":false},"author":2,"featured_media":0,"parent":114,"menu_order":0,"comment_status":"closed","ping_status":"closed","template":"","meta":{"footnotes":""},"class_list":["post-3029","page","type-page","status-publish","hentry"],"_links":{"self":[{"href":"https:\/\/bodyflexfitness.cz\/pardubice\/wp-json\/wp\/v2\/pages\/3029","targetHints":{"allow":["GET"]}}],"collection":[{"href":"https:\/\/bodyflexfitness.cz\/pardubice\/wp-json\/wp\/v2\/pages"}],"about":[{"href":"https:\/\/bodyflexfitness.cz\/pardubice\/wp-json\/wp\/v2\/types\/page"}],"author":[{"embeddable":true,"href":"https:\/\/bodyflexfitness.cz\/pardubice\/wp-json\/wp\/v2\/users\/2"}],"replies":[{"embeddable":true,"href":"https:\/\/bodyflexfitness.cz\/pardubice\/wp-json\/wp\/v2\/comments?post=3029"}],"version-history":[{"count":11,"href":"https:\/\/bodyflexfitness.cz\/pardubice\/wp-json\/wp\/v2\/pages\/3029\/revisions"}],"predecessor-version":[{"id":3067,"href":"https:\/\/bodyflexfitness.cz\/pardubice\/wp-json\/wp\/v2\/pages\/3029\/revisions\/3067"}],"up":[{"embeddable":true,"href":"https:\/\/bodyflexfitness.cz\/pardubice\/wp-json\/wp\/v2\/pages\/114"}],"wp:attachment":[{"href":"https:\/\/bodyflexfitness.cz\/pardubice\/wp-json\/wp\/v2\/media?parent=3029"}],"curies":[{"name":"wp","href":"https:\/\/api.w.org\/{rel}","templated":true}]}}