{"id":2791,"date":"2025-06-10T15:32:35","date_gmt":"2025-06-10T13:32:35","guid":{"rendered":"https:\/\/bodyflexfitness.cz\/hradeckralove\/?page_id=2791"},"modified":"2026-03-15T07:45:11","modified_gmt":"2026-03-15T06:45:11","slug":"daniel-denk","status":"publish","type":"page","link":"https:\/\/bodyflexfitness.cz\/hradeckralove\/treneri\/daniel-denk\/","title":{"rendered":"Daniel Denk"},"content":{"rendered":"<p>[et_pb_section fb_built=&#8220;1&#8243; background_color=&#8220;rgba(0,0,0,0.7)&#8220; _builder_version=&#8220;3.0.91&#8243; background_image=&#8220;http:\/\/bodyflexfitness.cz\/hradeckralove\/wp-content\/uploads\/sites\/4\/2018\/01\/main-page.jpg&#8220; background_blend=&#8220;overlay&#8220;][et_pb_row custom_width_percent=&#8220;50%&#8220; _builder_version=&#8220;3.0.91&#8243; background_size=&#8220;initial&#8220; background_position=&#8220;top_left&#8220; background_repeat=&#8220;repeat&#8220; make_fullwidth=&#8220;on&#8220;][et_pb_column type=&#8220;4_4&#8243; _builder_version=&#8220;3.0.47&#8243; parallax=&#8220;off&#8220; parallax_method=&#8220;on&#8220;][et_pb_text background_layout=&#8220;dark&#8220; _builder_version=&#8220;3.0.91&#8243; text_font=&#8220;|||on|||||&#8220; header_font=&#8220;||||||||&#8220; header_font_size=&#8220;42px&#8220; header_font_size_phone=&#8220;24px&#8220; header_font_size_last_edited=&#8220;on|phone&#8220; text_orientation=&#8220;center&#8220;]<\/p>\n<h1>Daniel<strong><span style=\"color: #8b0d09;\"> Denk<\/span><\/strong><\/h1>\n<p>[\/et_pb_text][et_pb_text background_layout=&#8220;dark&#8220; _builder_version=&#8220;3.0.91&#8243; text_font=&#8220;||||||||&#8220; text_font_size=&#8220;16px&#8220; text_orientation=&#8220;center&#8220;]<\/p>\n<p class=\"western\" lang=\"cs-CZ\">A<span>\u0165 u\u017e jsi \u00fapln\u00fd za\u010d\u00e1te\u010dn\u00edk, pokro\u010dil\u00fd cvi\u010denec nebo chce\u0161 absolvovat z\u00e1vodn\u00ed p\u0159\u00edpravu, pomohu ti naj\u00edt spr\u00e1vn\u00fd\u00a0<\/span><span>sm\u011br tak, aby byl udr\u017eiteln\u00fd a progresivn\u00ed.<\/span><\/p>\n<p>[\/et_pb_text][\/et_pb_column][\/et_pb_row][\/et_pb_section][et_pb_section fb_built=&#8220;1&#8243; background_color=&#8220;#8b0d09&#8243; _builder_version=&#8220;3.0.89&#8243; custom_padding=&#8220;0px|0px|0px|0px&#8220;][et_pb_row make_fullwidth=&#8220;on&#8220; _builder_version=&#8220;3.0.91&#8243;][et_pb_column type=&#8220;1_4&#8243; _builder_version=&#8220;3.0.47&#8243; parallax=&#8220;off&#8220; parallax_method=&#8220;on&#8220;][et_pb_blurb title=&#8220;+420 774 230 008&#8243; url=&#8220;tel:+420774230008&#8243; use_icon=&#8220;on&#8220; font_icon=&#8220;%%264%%&#8220; icon_color=&#8220;#ffffff&#8220; icon_placement=&#8220;left&#8220; background_layout=&#8220;dark&#8220; use_icon_font_size=&#8220;on&#8220; icon_font_size=&#8220;24px&#8220; _builder_version=&#8220;3.0.91&#8243;][\/et_pb_blurb][\/et_pb_column][et_pb_column type=&#8220;1_4&#8243; _builder_version=&#8220;3.0.47&#8243; parallax=&#8220;off&#8220; parallax_method=&#8220;on&#8220;][et_pb_blurb title=&#8220;dan.denk@seznam.cz&#8220; url=&#8220;mailto:dan.denk@seznam.cz&#8220; use_icon=&#8220;on&#8220; font_icon=&#8220;%%238%%&#8220; icon_color=&#8220;#ffffff&#8220; icon_placement=&#8220;left&#8220; background_layout=&#8220;dark&#8220; use_icon_font_size=&#8220;on&#8220; icon_font_size=&#8220;24px&#8220; _builder_version=&#8220;3.0.91&#8243; locked=&#8220;off&#8220;][\/et_pb_blurb][\/et_pb_column][et_pb_column type=&#8220;1_4&#8243; _builder_version=&#8220;3.0.47&#8243; parallax=&#8220;off&#8220; parallax_method=&#8220;on&#8220;][et_pb_blurb title=&#8220;dan_denk&#8220; url=&#8220;https:\/\/www.instagram.com\/dan_denk\/&#8220; url_new_window=&#8220;on&#8220; use_icon=&#8220;on&#8220; font_icon=&#8220;%%298%%&#8220; icon_color=&#8220;#ffffff&#8220; icon_placement=&#8220;left&#8220; background_layout=&#8220;dark&#8220; use_icon_font_size=&#8220;on&#8220; icon_font_size=&#8220;24px&#8220; _builder_version=&#8220;3.0.91&#8243; locked=&#8220;off&#8220;][\/et_pb_blurb][\/et_pb_column][et_pb_column type=&#8220;1_4&#8243; _builder_version=&#8220;3.0.47&#8243; parallax=&#8220;off&#8220; parallax_method=&#8220;on&#8220;][\/et_pb_column][\/et_pb_row][\/et_pb_section][et_pb_section fb_built=&#8220;1&#8243; background_color=&#8220;#292a2e&#8220; _builder_version=&#8220;3.0.91&#8243;][et_pb_row _builder_version=&#8220;3.0.47&#8243; background_size=&#8220;initial&#8220; background_position=&#8220;top_left&#8220; background_repeat=&#8220;repeat&#8220;][et_pb_column type=&#8220;1_4&#8243; _builder_version=&#8220;3.0.47&#8243; parallax=&#8220;off&#8220; parallax_method=&#8220;on&#8220;][et_pb_image src=&#8220;http:\/\/bodyflexfitness.cz\/hradeckralove\/wp-content\/uploads\/sites\/4\/2025\/06\/trener_denk_PNG.png&#8220; _builder_version=&#8220;3.0.91&#8243;][\/et_pb_image][\/et_pb_column][et_pb_column type=&#8220;3_4&#8243; _builder_version=&#8220;3.0.47&#8243; parallax=&#8220;off&#8220; parallax_method=&#8220;on&#8220;][et_pb_text background_layout=&#8220;dark&#8220; _builder_version=&#8220;3.0.91&#8243; text_font=&#8220;||||||||&#8220;]<\/p>\n<p><span>Ve sv\u011bt\u011b fitness se pohybuji ji\u017e 15 let, b\u011bhem kter\u00fdch jsem nasb\u00edral zku\u0161enosti z mnoha perspektiv, a\u0165 u\u017e jako osobn\u00ed tren\u00e9r, z\u00e1vodn\u00edk v profi lize \u010di jako tren\u00e9r ostatn\u00edch z\u00e1vodn\u00edk\u016f. To mi d\u00e1v\u00e1 \u0161irok\u00fd z\u00e1b\u011br pohledu jak na <\/span>tr\u00e9nink, tak na <span>zdrav\u00fd \u017eivotn\u00ed styl a v\u0161e s t\u00edm spojen\u00e9.<\/span><\/p>\n<p>\u00a0<span>Ve fitness nehled\u00e1m jen estetiku, ale hloubku. Siln\u00e9 zdrav\u00e9 t\u011blo je pouze odraz mozaiky, kter\u00e1 se skl\u00e1d\u00e1 z komplexn\u00edho p\u0159\u00edstupu k pohybu, v\u00fd\u017eiv\u011b i \u017eivotu. M\u00fdm <\/span>c\u00edlem je pom\u00e1hat lidem znovu se propojit sami se sebou, skrze pohyb, discipl\u00ednu <span>a v\u011bdom\u00fd p\u0159\u00edstup ke zdrav\u00ed. \u017dijeme v dob\u011b, kdy je na\u0161e pozornost rozt\u0159\u00ed\u0161t\u011bn\u00e1 mnoha sm\u011bry, ale \u010dasto zapom\u00edn\u00e1me na samotn\u00e9 z\u00e1klady, na sebe.<\/span><\/p>\n<p>\u00a0A<span>\u0165 u\u017e jsi \u00fapln\u00fd za\u010d\u00e1te\u010dn\u00edk, pokro\u010dil\u00fd cvi\u010denec nebo chce\u0161 absolvovat z\u00e1vodn\u00ed p\u0159\u00edpravu, pomohu ti naj\u00edt spr\u00e1vn\u00fd\u00a0<\/span><span>sm\u011br tak, aby byl udr\u017eiteln\u00fd a progresivn\u00ed.<\/span><\/p>\n<p>[\/et_pb_text][et_pb_text background_layout=&#8220;dark&#8220; _builder_version=&#8220;3.0.91&#8243; text_font=&#8220;||||||||&#8220;]<\/p>\n<p><strong>Absolvovan\u00e9 kurzy:<\/strong><\/p>\n<ul>\n<li><span> Certifikovan\u00fd tren\u00e9r s licenc\u00ed (74-035-M)<\/span><\/li>\n<li><span> 15 let praxe<\/span><\/li>\n<li><span> \u010cty\u0159n\u00e1sobn\u00fd v\u00edt\u011bz mezin\u00e1rodn\u00edho mistrovstv\u00ed ICN<\/span><\/li>\n<li><span> Dr\u017eitel z\u00e1vodn\u00ed PROFI karty<\/span><\/li>\n<li><span> 6. m\u00edsto na Mistrovstv\u00ed sv\u011bta<\/span><\/li>\n<\/ul>\n<p>&nbsp;<\/p>\n<p>[\/et_pb_text][\/et_pb_column][\/et_pb_row][et_pb_row _builder_version=&#8220;3.0.91&#8243;][et_pb_column type=&#8220;4_4&#8243; _builder_version=&#8220;3.0.47&#8243; parallax=&#8220;off&#8220; parallax_method=&#8220;on&#8220;][et_pb_code _builder_version=&#8220;3.0.91&#8243; filter_brightness=&#8220;200%&#8220; filter_contrast=&#8220;200%&#8220;]&lt;table&gt;&lt;tbody&gt;&lt;!&#8211; [et_pb_line_break_holder] &#8211;&gt;&lt;tr&gt;&lt;td style=&quot;vertical-align: top&quot;&gt;1x konzultace\/tr\u00e9nink&lt;\/td&gt;&lt;td style=&quot;vertical-align: top&quot;&gt;800 K\u010d \/ 1 os.&lt;\/td&gt;&lt;td style=&quot;vertical-align: top&quot;&gt;1 200 K\u010d \/ 2 os.&lt;\/td&gt;&lt;\/tr&gt;&lt;!&#8211; [et_pb_line_break_holder] &#8211;&gt;&lt;tr&gt;&lt;td style=&quot;vertical-align: top&quot;&gt;10x konzultace\/tr\u00e9nink  9+1 ZDARMA!&lt;\/td&gt;&lt;td style=&quot;vertical-align: top&quot;&gt;7 200 K\u010d \/ 1 os.&lt;\/td&gt;&lt;td style=&quot;vertical-align: top&quot;&gt;&lt;\/td&gt;&lt;\/tr&gt;&lt;!&#8211; [et_pb_line_break_holder] &#8211;&gt;&lt;tr&gt;&lt;td style=&quot;vertical-align: top&quot;&gt;Komplexn\u00ed individu\u00e1ln\u00ed  tr\u00e9ninkov\u00fd pl\u00e1n  &lt;\/td&gt;&lt;td style=&quot;vertical-align: top&quot;&gt;1 690 K\u010d&lt;\/td&gt;&lt;td style=&quot;vertical-align: top&quot;&gt;&lt;\/td&gt;&lt;\/tr&gt;&lt;!&#8211; [et_pb_line_break_holder] &#8211;&gt;&lt;tr&gt;&lt;td style=&quot;vertical-align: top&quot;&gt;Komplexn\u00ed individu\u00e1ln\u00ed  v\u00fd\u017eivov\u00fd pl\u00e1n  &lt;\/td&gt;&lt;td style=&quot;vertical-align: top&quot;&gt;1 690 K\u010d&lt;\/td&gt;&lt;td style=&quot;vertical-align: top&quot;&gt;&lt;\/td&gt;&lt;\/tr&gt;&lt;!&#8211; [et_pb_line_break_holder] &#8211;&gt;&lt;tr&gt;&lt;td style=&quot;vertical-align: top&quot;&gt;Bal\u00ed\u010dek komplexn\u00ed individu\u00e1ln\u00ed  v\u00fd\u017eivov\u00fd pl\u00e1n  + tr\u00e9ninkov\u00fd pl\u00e1n&lt;\/td&gt;&lt;td style=&quot;vertical-align: top&quot;&gt;2 990 K\u010d&lt;\/td&gt;&lt;td style=&quot;vertical-align: top&quot;&gt;&lt;\/td&gt;&lt;\/tr&gt;&lt;!&#8211; [et_pb_line_break_holder] &#8211;&gt;&lt;tr&gt;&lt;td style=&quot;vertical-align: top&quot;&gt;Z\u00e1vodn\u00ed p\u0159\u00edprava&lt;\/td&gt;&lt;td style=&quot;vertical-align: top&quot;&gt;3 500 K\u010d \/ m\u011bs\u00edc&lt;\/td&gt;&lt;td style=&quot;vertical-align: top&quot;&gt;&lt;\/td&gt;&lt;\/tr&gt;&lt;!&#8211; [et_pb_line_break_holder] &#8211;&gt;&lt;!&#8211; [et_pb_line_break_holder] &#8211;&gt;&lt;\/tbody&gt;&lt;\/table&gt;[\/et_pb_code][\/et_pb_column][\/et_pb_row][\/et_pb_section][et_pb_section fb_built=&#8220;1&#8243; _builder_version=&#8220;3.0.91&#8243; global_module=&#8220;2824&#8243;][et_pb_row use_custom_gutter=&#8220;on&#8220; gutter_width=&#8220;1&#8243; module_class_1=&#8220;col2&#8243; module_class_2=&#8220;col2&#8243; module_class_3=&#8220;col2&#8243; module_class_4=&#8220;col2&#8243; _builder_version=&#8220;3.0.91&#8243; saved_tabs=&#8220;all&#8220;][et_pb_column type=&#8220;1_4&#8243; _builder_version=&#8220;3.0.47&#8243; parallax=&#8220;off&#8220; parallax_method=&#8220;on&#8220; module_class=&#8220;col2&#8243;][et_pb_image src=&#8220;http:\/\/bodyflexfitness.cz\/hradeckralove\/wp-content\/uploads\/sites\/4\/2023\/11\/trener_kolaroa.jpg&#8220; url=&#8220;http:\/\/bodyflexfitness.cz\/hradeckralove\/treneri\/kristyna-kolarova\/&#8220; use_overlay=&#8220;on&#8220; overlay_icon_color=&#8220;#ffffff&#8220; hover_overlay_color=&#8220;rgba(139,13,9,0.5)&#8220; hover_icon=&#8220;%%200%%&#8220; _builder_version=&#8220;3.0.91&#8243; background_color=&#8220;#000000&#8243;][\/et_pb_image][et_pb_text background_layout=&#8220;dark&#8220; module_class=&#8220;text2&#8243; _builder_version=&#8220;3.0.91&#8243; text_font=&#8220;|700||on|||||&#8220; text_font_size=&#8220;16px&#8220; header_font=&#8220;||||||||&#8220; background_color=&#8220;#2A2D31&#8243; text_orientation=&#8220;center&#8220; custom_padding=&#8220;20px||20px|&#8220;]<\/p>\n<p><a href=\"http:\/\/bodyflexfitness.cz\/hradeckralove\/treneri\/kristyna-kolarova\/\" title=\"Krist\u00fdna Kol\u00e1\u0159ov\u00e1 osobn\u00ed tren\u00e9r\"><span style=\"color: #ffffff;\">Krist\u00fdna Kol\u00e1\u0159ov\u00e1<\/span><\/a><\/p>\n<p>[\/et_pb_text][et_pb_image src=&#8220;http:\/\/bodyflexfitness.cz\/hradeckralove\/wp-content\/uploads\/sites\/4\/2019\/01\/trener_kittner-1.jpg&#8220; url=&#8220;http:\/\/bodyflexfitness.cz\/hradeckralove\/treneri\/jan-kittner\/&#8220; use_overlay=&#8220;on&#8220; overlay_icon_color=&#8220;#ffffff&#8220; hover_overlay_color=&#8220;rgba(139,13,9,0.5)&#8220; hover_icon=&#8220;%%200%%&#8220; _builder_version=&#8220;3.0.91&#8243; background_color=&#8220;#000000&#8243;][\/et_pb_image][et_pb_text background_layout=&#8220;dark&#8220; module_class=&#8220;text2&#8243; _builder_version=&#8220;3.0.91&#8243; text_font=&#8220;|700||on|||||&#8220; text_font_size=&#8220;16px&#8220; header_font=&#8220;||||||||&#8220; background_color=&#8220;#2A2D31&#8243; text_orientation=&#8220;center&#8220; custom_padding=&#8220;20px||20px|&#8220;]<\/p>\n<p><span style=\"color: #ffffff\"><a style=\"color: #ffffff\" href=\"\/hradeckralove\/nas-tym\/jan-kittner\/\">Jan Kittner<\/a><\/span><\/p>\n<p>[\/et_pb_text][\/et_pb_column][et_pb_column type=&#8220;1_4&#8243; _builder_version=&#8220;3.0.47&#8243; parallax=&#8220;off&#8220; parallax_method=&#8220;on&#8220; module_class=&#8220;col2&#8243;][et_pb_image src=&#8220;http:\/\/bodyflexfitness.cz\/hradeckralove\/wp-content\/uploads\/sites\/4\/2023\/12\/trener_ondrackova.jpg&#8220; url=&#8220;http:\/\/bodyflexfitness.cz\/hradeckralove\/treneri\/katerina-ondrackova\/&#8220; use_overlay=&#8220;on&#8220; overlay_icon_color=&#8220;#ffffff&#8220; hover_overlay_color=&#8220;rgba(139,13,9,0.5)&#8220; _builder_version=&#8220;3.0.91&#8243; background_color=&#8220;#000000&#8243;][\/et_pb_image][et_pb_text background_layout=&#8220;dark&#8220; module_class=&#8220;text2&#8243; _builder_version=&#8220;3.0.91&#8243; text_font=&#8220;|700||on|||||&#8220; text_font_size=&#8220;16px&#8220; header_font=&#8220;||||||||&#8220; background_color=&#8220;#2A2D31&#8243; text_orientation=&#8220;center&#8220; custom_padding=&#8220;20px||20px|&#8220;]<\/p>\n<p><span style=\"color: #ffffff;\"><a style=\"color: #ffffff;\" href=\"http:\/\/bodyflexfitness.cz\/hradeckralove\/treneri\/katerina-ondrackova\/\">Kate\u0159ina Ondr\u00e1\u010dkov\u00e1<\/a><\/span><\/p>\n<p>[\/et_pb_text][et_pb_image src=&#8220;http:\/\/bodyflexfitness.cz\/hradeckralove\/wp-content\/uploads\/sites\/4\/2021\/10\/trener_jirka.jpg&#8220; url=&#8220;\/hradeckralove\/treneri\/jiri-borkovec\/&#8220; use_overlay=&#8220;on&#8220; overlay_icon_color=&#8220;#ffffff&#8220; hover_overlay_color=&#8220;rgba(139,13,9,0.5)&#8220; _builder_version=&#8220;3.0.91&#8243; background_color=&#8220;#000000&#8243;][\/et_pb_image][et_pb_text background_layout=&#8220;dark&#8220; module_class=&#8220;text2&#8243; _builder_version=&#8220;3.0.91&#8243; text_font=&#8220;|700||on|||||&#8220; text_font_size=&#8220;16px&#8220; header_font=&#8220;||||||||&#8220; background_color=&#8220;#2A2D31&#8243; text_orientation=&#8220;center&#8220; custom_padding=&#8220;20px||20px|&#8220;]<\/p>\n<p><span style=\"color: #ffffff\"><a style=\"color: #ffffff\" href=\"\/hradeckralove\/treneri\/jiri-borkovec\/\">JI\u0158\u00cd BORKOVEC<\/a><\/span><\/p>\n<p>[\/et_pb_text][\/et_pb_column][et_pb_column type=&#8220;1_4&#8243; _builder_version=&#8220;3.0.47&#8243; parallax=&#8220;off&#8220; parallax_method=&#8220;on&#8220; module_class=&#8220;col2&#8243;][et_pb_image src=&#8220;http:\/\/bodyflexfitness.cz\/hradeckralove\/wp-content\/uploads\/sites\/4\/2025\/06\/trener_denk.jpg&#8220; url=&#8220;http:\/\/bodyflexfitness.cz\/hradeckralove\/treneri\/daniel-denk\/&#8220; use_overlay=&#8220;on&#8220; overlay_icon_color=&#8220;#ffffff&#8220; hover_overlay_color=&#8220;rgba(139,13,9,0.5)&#8220; hover_icon=&#8220;%%200%%&#8220; _builder_version=&#8220;3.0.91&#8243; background_color=&#8220;#000000&#8243;][\/et_pb_image][et_pb_text background_layout=&#8220;dark&#8220; module_class=&#8220;text2&#8243; _builder_version=&#8220;3.0.91&#8243; text_font=&#8220;|700||on|||||&#8220; text_font_size=&#8220;16px&#8220; header_font=&#8220;||||||||&#8220; background_color=&#8220;#2A2D31&#8243; text_orientation=&#8220;center&#8220; custom_padding=&#8220;20px||20px|&#8220;]<\/p>\n<p><a href=\"http:\/\/bodyflexfitness.cz\/hradeckralove\/treneri\/daniel-denk\/\" title=\"Daniel Denk\"><span style=\"color: #ffffff;\">Daniel Denk<\/span><\/a><\/p>\n<p>[\/et_pb_text][et_pb_image src=&#8220;http:\/\/bodyflexfitness.cz\/hradeckralove\/wp-content\/uploads\/sites\/4\/2024\/12\/trener_konecny.jpg&#8220; url=&#8220;http:\/\/bodyflexfitness.cz\/hradeckralove\/treneri\/roman-konecny\/&#8220; use_overlay=&#8220;on&#8220; overlay_icon_color=&#8220;#ffffff&#8220; hover_overlay_color=&#8220;rgba(139,13,9,0.5)&#8220; hover_icon=&#8220;%%200%%&#8220; _builder_version=&#8220;3.0.91&#8243; background_color=&#8220;#000000&#8243;][\/et_pb_image][et_pb_text background_layout=&#8220;dark&#8220; module_class=&#8220;text2&#8243; _builder_version=&#8220;3.0.91&#8243; text_font=&#8220;|700||on|||||&#8220; text_font_size=&#8220;16px&#8220; header_font=&#8220;||||||||&#8220; background_color=&#8220;#2A2D31&#8243; text_orientation=&#8220;center&#8220; custom_padding=&#8220;20px||20px|&#8220;]<\/p>\n<p><a href=\"http:\/\/bodyflexfitness.cz\/hradeckralove\/treneri\/roman-konecny\/\" title=\"Roman Kone\u010dn\u00fd\"><span style=\"color: #ffffff;\">Roman Kone\u010dn\u00fd<\/span><\/a><\/p>\n<p>[\/et_pb_text][\/et_pb_column][et_pb_column type=&#8220;1_4&#8243; _builder_version=&#8220;3.0.47&#8243; parallax=&#8220;off&#8220; parallax_method=&#8220;on&#8220; module_class=&#8220;col2&#8243;][et_pb_image src=&#8220;http:\/\/bodyflexfitness.cz\/hradeckralove\/wp-content\/uploads\/sites\/4\/2022\/02\/trener_viktorin.jpg&#8220; url=&#8220;\/hradeckralove\/treneri\/viktorin\/&#8220; use_overlay=&#8220;on&#8220; overlay_icon_color=&#8220;#ffffff&#8220; hover_overlay_color=&#8220;rgba(139,13,9,0.5)&#8220; hover_icon=&#8220;%%200%%&#8220; _builder_version=&#8220;3.0.91&#8243; background_color=&#8220;#000000&#8243;][\/et_pb_image][et_pb_text background_layout=&#8220;dark&#8220; module_class=&#8220;text2&#8243; _builder_version=&#8220;3.0.91&#8243; text_font=&#8220;|700||on|||||&#8220; text_font_size=&#8220;16px&#8220; header_font=&#8220;||||||||&#8220; background_color=&#8220;#2A2D31&#8243; text_orientation=&#8220;center&#8220; custom_padding=&#8220;20px||20px|&#8220;]<\/p>\n<p><span style=\"color: #ffffff;\"><a style=\"color: #ffffff;\" href=\"\/hradeckralove\/treneri\/viktorin\/\">Martin Viktorin<\/a><\/span><\/p>\n<p>[\/et_pb_text][et_pb_image src=&#8220;http:\/\/bodyflexfitness.cz\/hradeckralove\/wp-content\/uploads\/sites\/4\/2025\/07\/trener_tobiskova.jpg&#8220; url=&#8220;\/hradeckralove\/treneri\/diana-tobiskova\/&#8220; use_overlay=&#8220;on&#8220; overlay_icon_color=&#8220;#ffffff&#8220; hover_overlay_color=&#8220;rgba(139,13,9,0.5)&#8220; hover_icon=&#8220;%%200%%&#8220; _builder_version=&#8220;3.0.91&#8243; background_color=&#8220;#000000&#8243;][\/et_pb_image][et_pb_text background_layout=&#8220;dark&#8220; module_class=&#8220;text2&#8243; _builder_version=&#8220;3.0.91&#8243; text_font=&#8220;|700||on|||||&#8220; text_font_size=&#8220;16px&#8220; header_font=&#8220;||||||||&#8220; background_color=&#8220;#2A2D31&#8243; text_orientation=&#8220;center&#8220; custom_padding=&#8220;20px||20px|&#8220;]<\/p>\n<p><span style=\"color: #ffffff;\"><a style=\"color: #ffffff;\" href=\"\/hradeckralove\/treneri\/diana-tobiskova\/\">Diana Tobi\u0161kov\u00e1<\/a><\/span><\/p>\n<p>[\/et_pb_text][\/et_pb_column][\/et_pb_row][\/et_pb_section]<\/p>\n","protected":false},"excerpt":{"rendered":"<p>[et_pb_section fb_built=&#8220;1&#8243; background_color=&#8220;rgba(0,0,0,0.7)&#8220; _builder_version=&#8220;3.0.91&#8243; background_image=&#8220;http:\/\/bodyflexfitness.cz\/hradeckralove\/wp-content\/uploads\/sites\/4\/2018\/01\/main-page.jpg&#8220; background_blend=&#8220;overlay&#8220;][et_pb_row custom_width_percent=&#8220;50%&#8220; _builder_version=&#8220;3.0.91&#8243; background_size=&#8220;initial&#8220; background_position=&#8220;top_left&#8220; background_repeat=&#8220;repeat&#8220; make_fullwidth=&#8220;on&#8220;][et_pb_column type=&#8220;4_4&#8243; _builder_version=&#8220;3.0.47&#8243; parallax=&#8220;off&#8220; parallax_method=&#8220;on&#8220;][et_pb_text background_layout=&#8220;dark&#8220; _builder_version=&#8220;3.0.91&#8243; text_font=&#8220;|||on|||||&#8220; header_font=&#8220;||||||||&#8220; header_font_size=&#8220;42px&#8220; header_font_size_phone=&#8220;24px&#8220; header_font_size_last_edited=&#8220;on|phone&#8220; text_orientation=&#8220;center&#8220;] Daniel Denk [\/et_pb_text][et_pb_text background_layout=&#8220;dark&#8220; _builder_version=&#8220;3.0.91&#8243; text_font=&#8220;||||||||&#8220; text_font_size=&#8220;16px&#8220; text_orientation=&#8220;center&#8220;] A\u0165 u\u017e jsi \u00fapln\u00fd za\u010d\u00e1te\u010dn\u00edk, pokro\u010dil\u00fd cvi\u010denec nebo chce\u0161 absolvovat z\u00e1vodn\u00ed p\u0159\u00edpravu, pomohu ti naj\u00edt spr\u00e1vn\u00fd\u00a0sm\u011br tak, aby byl udr\u017eiteln\u00fd a progresivn\u00ed. [\/et_pb_text][\/et_pb_column][\/et_pb_row][\/et_pb_section][et_pb_section [&hellip;]<\/p>\n","protected":false},"author":2,"featured_media":0,"parent":114,"menu_order":0,"comment_status":"closed","ping_status":"closed","template":"","meta":{"footnotes":""},"class_list":["post-2791","page","type-page","status-publish","hentry"],"_links":{"self":[{"href":"https:\/\/bodyflexfitness.cz\/hradeckralove\/wp-json\/wp\/v2\/pages\/2791","targetHints":{"allow":["GET"]}}],"collection":[{"href":"https:\/\/bodyflexfitness.cz\/hradeckralove\/wp-json\/wp\/v2\/pages"}],"about":[{"href":"https:\/\/bodyflexfitness.cz\/hradeckralove\/wp-json\/wp\/v2\/types\/page"}],"author":[{"embeddable":true,"href":"https:\/\/bodyflexfitness.cz\/hradeckralove\/wp-json\/wp\/v2\/users\/2"}],"replies":[{"embeddable":true,"href":"https:\/\/bodyflexfitness.cz\/hradeckralove\/wp-json\/wp\/v2\/comments?post=2791"}],"version-history":[{"count":8,"href":"https:\/\/bodyflexfitness.cz\/hradeckralove\/wp-json\/wp\/v2\/pages\/2791\/revisions"}],"predecessor-version":[{"id":2941,"href":"https:\/\/bodyflexfitness.cz\/hradeckralove\/wp-json\/wp\/v2\/pages\/2791\/revisions\/2941"}],"up":[{"embeddable":true,"href":"https:\/\/bodyflexfitness.cz\/hradeckralove\/wp-json\/wp\/v2\/pages\/114"}],"wp:attachment":[{"href":"https:\/\/bodyflexfitness.cz\/hradeckralove\/wp-json\/wp\/v2\/media?parent=2791"}],"curies":[{"name":"wp","href":"https:\/\/api.w.org\/{rel}","templated":true}]}}